{"id":4470,"date":"2018-06-10T17:48:57","date_gmt":"2018-06-10T15:48:57","guid":{"rendered":"http:\/\/new.villa-visnjan.eu\/?page_id=4470"},"modified":"2026-01-10T10:19:43","modified_gmt":"2026-01-10T09:19:43","slug":"eventi","status":"publish","type":"page","link":"https:\/\/villa-visnjan.eu\/hr\/eventi\/","title":{"rendered":"Eventi"},"content":{"rendered":"<p><\/p>\n<h4><strong><img loading=\"lazy\" decoding=\"async\" class=\"size-medium wp-image-4476 alignright\" src=\"http:\/\/new.villa-visnjan.eu\/wp-content\/uploads\/2018\/06\/festival_zmajeva_bale-300x169.jpg\" alt=\"\" width=\"300\" height=\"169\" srcset=\"https:\/\/villa-visnjan.eu\/wp-content\/uploads\/2018\/06\/festival_zmajeva_bale-300x169.jpg 300w, https:\/\/villa-visnjan.eu\/wp-content\/uploads\/2018\/06\/festival_zmajeva_bale-768x432.jpg 768w, https:\/\/villa-visnjan.eu\/wp-content\/uploads\/2018\/06\/festival_zmajeva_bale-600x338.jpg 600w, https:\/\/villa-visnjan.eu\/wp-content\/uploads\/2018\/06\/festival_zmajeva_bale.jpg 960w\" sizes=\"auto, (max-width: 300px) 100vw, 300px\" \/>SVIBANJ<\/strong><\/h4>\n<h2><strong>Festival zmajeva u Balama<\/strong><\/h2>\n<p>Na posebnim radionicama prilikom Festivala zmajeva nau\u010dit \u0107ete kako izraditi vlastitog zmaja, kako ga pustiti u vjetar, ali i\u00a0 kako ga potom krotiti na nebu.<\/p>\n<p>Festival je namijenjen velikima i malima, a organizira se krajem mjeseca svibnja u mjestu Bale nedaleko Rovinja.<\/p>\n<p><strong>\u00a0<\/strong><\/p>\n<h4><strong>SVIBANJ &#8211; LIPANJ<\/strong><\/h4>\n<h2><strong>Festival antike &#8211; Pula Svperiorvm<\/strong><\/h2>\n<p>Festival antike &#8211; Pula Svperiorvm, glazbeno-scenski i edukativni doga\u0111aj koji \u017eeli pribli\u017eiti izrazito vrijedan dio tri-tisu\u0107ljetne povijesti grada i njegove bogate anti\u010dke povijesti. Doga\u0111anja se odigravaju na Forumu, na prostoru ispred izvrsno o\u010duvanog Augustovog hrama i gradske Pala\u010de . Glazbeno-scenski program odr\u017eava se od 10 \u2013 21 sat. Posebno atraktivna jest borba gladijatora koja se odr\u017eava u Areni, u sklopu povijesno-zabavnog\u00a0 programa Spectacvla Antiqva. (event tijekom svibnja i lipnja, detaljnije na stranicama turisti\u010dke zajednice Pula)<\/p>\n<p><strong>\u00a0<\/strong><\/p>\n<h4><strong>SRPANJ<\/strong><\/h4>\n<h2><strong>LegendFest \u00a0Pi\u0107an<\/strong><\/h2>\n<p>Ovaj je festival posve\u0107en obiteljima s dje\u010dicom tijekom kojeg ponovno o\u017eivljavamo narodna vjerovanja u bi\u0107a koja imaju mo\u0107 pretvaranja u \u017eivotinje. Budite znati\u017eeljni i upoznajte bogatstvo hrvatske nematerijalne ba\u0161tine u malom pitoresknom mjestu Pi\u0107an, u srcu Istre. Djeca \u0107e ovo obo\u017eavati!<\/p>\n<p><strong>\u00a0<\/strong><\/p>\n<h2><strong>Filmski festival u amfiteatru<\/strong><\/h2>\n<p>U Pulskom amfiteatru\u00a0 srpanj je rezerviran za hrvatsku filmsku produkciju \u2013Pula film festival , (filmovi su titlovani na engleski).<\/p>\n<p>&nbsp;<\/p>\n<h4><strong>LIPANJ- SRPANJ &#8211; KOLOVOZ<\/strong><\/h4>\n<h2><strong>Koncerti\u00a0 u Areni\u00a0 <\/strong><\/h2>\n<p>Za ljubitelje pop glazbe, klasi\u010dne glazbe ili baleta ljetne ve\u010deri u amfiteaturu u Puli zaista su nezaboravne. Ulaznice za sve predstave mogu se unaprijed kupiti online.<\/p>\n<p>&nbsp;<\/p>\n<h4><strong>RUJAN<\/strong><\/h4>\n<h2><strong>Pore\u010dki Delfin <\/strong><\/h2>\n<p>Zabavite se s nama na rekreativnom maratonu za pliva\u010de koji se odr\u017eava svake godine u Pore\u010du po\u010detkom mjeseca rujna. Pore\u010dki delfin je rekreativni pliva\u010dki maraton , pravi izazov za sve vrste pliva\u010da, staro i mlado. Nije va\u017eno ho\u0107ete li sti\u0107i na cilj, svoju ste medalju i majicu osigurali ve\u0107 svojim sudjelovanjem. Plivajte s perajama, na luftmadracu, trbu\u0161no ili le\u0111no.<\/p>\n<p><strong>\u00a0<\/strong><\/p>\n<p><img loading=\"lazy\" decoding=\"async\" class=\"size-medium wp-image-4649 alignright\" src=\"http:\/\/new.villa-visnjan.eu\/wp-content\/uploads\/2018\/06\/ku\u0107a-djeda-mraza-1-300x200.jpg\" alt=\"\" width=\"300\" height=\"200\" srcset=\"https:\/\/villa-visnjan.eu\/wp-content\/uploads\/2018\/06\/ku\u0107a-djeda-mraza-1-300x200.jpg 300w, https:\/\/villa-visnjan.eu\/wp-content\/uploads\/2018\/06\/ku\u0107a-djeda-mraza-1-768x513.jpg 768w, https:\/\/villa-visnjan.eu\/wp-content\/uploads\/2018\/06\/ku\u0107a-djeda-mraza-1-600x401.jpg 600w, https:\/\/villa-visnjan.eu\/wp-content\/uploads\/2018\/06\/ku\u0107a-djeda-mraza-1.jpg 800w\" sizes=\"auto, (max-width: 300px) 100vw, 300px\" \/><\/p>\n<h4><strong>PROSINAC &#8211; SIJE\u010cANJ<\/strong><\/h4>\n<h2><strong>\u017dive jaslice u Sv.Lovre\u010du<\/strong><\/h2>\n<p>Lovre\u010d na nekoliko dana u prosincu nalikuje na Betlehem te pru\u017ea jedinstven ugo\u0111aj svima koji ga posjete. Lovre\u010dke \u017eive jaslice o\u017eivljavaju vrijeme Isusovog ro\u0111enja. Tako ondje mo\u017eete vidjeti Svetu Obitelj, tri kralja, an\u0111ele, pastire i mnoge druge.<\/p>\n<p>Osim jaslica, u istarskom Betlehemu posjetitelji mogu upoznati stare zanate, ku\u0161ati stara jela i napitke, a pored crkve Sv.Martina, na trgu Placa\u00a0 odr\u017eava se i Bo\u017ei\u0107ni sajam na kojemu su izlo\u017eeni doma\u0107i proizvodi\u00a0 i tipi\u010dni istarski suveniri.<\/p>\n<p>Posjetite \u017eive jaslice na sljede\u0107e datume:<\/p>\n<p>To\u010dni datumi odr\u017eavanja nalaze se u <a href=\"https:\/\/www.istra.hr\/hr\/kalendar\" target=\"_blank\" rel=\"noopener\">Kalendaru doga\u0111anja Turisti\u010dke Zajednice Istarske \u017dupanije<\/a>.<\/p>\n<p>&#8212;&#8212;&#8212;&#8212;&#8212;&#8212;&#8212;&#8212;&#8212;&#8212;&#8212;&#8212;&#8212;&#8212;&#8212;&#8212;&#8212;&#8212;&#8212;&#8212;&#8211;<\/p>\n<div class=\"gmail_default\"><\/div>\n<p><\/p>","protected":false},"excerpt":{"rendered":"<p>SVIBANJ Festival zmajeva u Balama Na posebnim radionicama prilikom Festivala zmajeva nau\u010dit \u0107ete kako izraditi vlastitog zmaja, kako ga pustiti u vjetar, ali i\u00a0 kako ga potom&#8230;<\/p>\n","protected":false},"author":1,"featured_media":4466,"parent":0,"menu_order":0,"comment_status":"closed","ping_status":"closed","template":"","meta":{"footnotes":""},"class_list":["post-4470","page","type-page","status-publish","has-post-thumbnail","hentry"],"aioseo_notices":[],"_links":{"self":[{"href":"https:\/\/villa-visnjan.eu\/hr\/wp-json\/wp\/v2\/pages\/4470","targetHints":{"allow":["GET"]}}],"collection":[{"href":"https:\/\/villa-visnjan.eu\/hr\/wp-json\/wp\/v2\/pages"}],"about":[{"href":"https:\/\/villa-visnjan.eu\/hr\/wp-json\/wp\/v2\/types\/page"}],"author":[{"embeddable":true,"href":"https:\/\/villa-visnjan.eu\/hr\/wp-json\/wp\/v2\/users\/1"}],"replies":[{"embeddable":true,"href":"https:\/\/villa-visnjan.eu\/hr\/wp-json\/wp\/v2\/comments?post=4470"}],"version-history":[{"count":27,"href":"https:\/\/villa-visnjan.eu\/hr\/wp-json\/wp\/v2\/pages\/4470\/revisions"}],"predecessor-version":[{"id":5000,"href":"https:\/\/villa-visnjan.eu\/hr\/wp-json\/wp\/v2\/pages\/4470\/revisions\/5000"}],"wp:featuredmedia":[{"embeddable":true,"href":"https:\/\/villa-visnjan.eu\/hr\/wp-json\/wp\/v2\/media\/4466"}],"wp:attachment":[{"href":"https:\/\/villa-visnjan.eu\/hr\/wp-json\/wp\/v2\/media?parent=4470"}],"curies":[{"name":"wp","href":"https:\/\/api.w.org\/{rel}","templated":true}]}}

<p></p>
<h4><strong><img loading="lazy" decoding="async" class="size-medium wp-image-4476 alignright" src="http://new.villa-visnjan.eu/wp-content/uploads/2018/06/festival_zmajeva_bale-300x169.jpg" alt="" width="300" height="169" srcset="https://villa-visnjan.eu/wp-content/uploads/2018/06/festival_zmajeva_bale-300x169.jpg 300w, https://villa-visnjan.eu/wp-content/uploads/2018/06/festival_zmajeva_bale-768x432.jpg 768w, https://villa-visnjan.eu/wp-content/uploads/2018/06/festival_zmajeva_bale-600x338.jpg 600w, https://villa-visnjan.eu/wp-content/uploads/2018/06/festival_zmajeva_bale.jpg 960w" sizes="auto, (max-width: 300px) 100vw, 300px" />SVIBANJ</strong></h4>
<h2><strong>Festival zmajeva u Balama</strong></h2>
<p>Na posebnim radionicama prilikom Festivala zmajeva naučit ćete kako izraditi vlastitog zmaja, kako ga pustiti u vjetar, ali i  kako ga potom krotiti na nebu.</p>
<p>Festival je namijenjen velikima i malima, a organizira se krajem mjeseca svibnja u mjestu Bale nedaleko Rovinja.</p>
<p><strong> </strong></p>
<h4><strong>SVIBANJ &#8211; LIPANJ</strong></h4>
<h2><strong>Festival antike &#8211; Pula Svperiorvm</strong></h2>
<p>Festival antike &#8211; Pula Svperiorvm, glazbeno-scenski i edukativni događaj koji želi približiti izrazito vrijedan dio tri-tisućljetne povijesti grada i njegove bogate antičke povijesti. Događanja se odigravaju na Forumu, na prostoru ispred izvrsno očuvanog Augustovog hrama i gradske Palače . Glazbeno-scenski program održava se od 10 – 21 sat. Posebno atraktivna jest borba gladijatora koja se održava u Areni, u sklopu povijesno-zabavnog  programa Spectacvla Antiqva. (event tijekom svibnja i lipnja, detaljnije na stranicama turističke zajednice Pula)</p>
<p><strong> </strong></p>
<h4><strong>SRPANJ</strong></h4>
<h2><strong>LegendFest  Pićan</strong></h2>
<p>Ovaj je festival posvećen obiteljima s dječicom tijekom kojeg ponovno oživljavamo narodna vjerovanja u bića koja imaju moć pretvaranja u životinje. Budite znatiželjni i upoznajte bogatstvo hrvatske nematerijalne baštine u malom pitoresknom mjestu Pićan, u srcu Istre. Djeca će ovo obožavati!</p>
<p><strong> </strong></p>
<h2><strong>Filmski festival u amfiteatru</strong></h2>
<p>U Pulskom amfiteatru  srpanj je rezerviran za hrvatsku filmsku produkciju –Pula film festival , (filmovi su titlovani na engleski).</p>
<p>&nbsp;</p>
<h4><strong>LIPANJ- SRPANJ &#8211; KOLOVOZ</strong></h4>
<h2><strong>Koncerti  u Areni  </strong></h2>
<p>Za ljubitelje pop glazbe, klasične glazbe ili baleta ljetne večeri u amfiteaturu u Puli zaista su nezaboravne. Ulaznice za sve predstave mogu se unaprijed kupiti online.</p>
<p>&nbsp;</p>
<h4><strong>RUJAN</strong></h4>
<h2><strong>Porečki Delfin </strong></h2>
<p>Zabavite se s nama na rekreativnom maratonu za plivače koji se održava svake godine u Poreču početkom mjeseca rujna. Porečki delfin je rekreativni plivački maraton , pravi izazov za sve vrste plivača, staro i mlado. Nije važno hoćete li stići na cilj, svoju ste medalju i majicu osigurali već svojim sudjelovanjem. Plivajte s perajama, na luftmadracu, trbušno ili leđno.</p>
<p><strong> </strong></p>
<p><img loading="lazy" decoding="async" class="size-medium wp-image-4649 alignright" src="http://new.villa-visnjan.eu/wp-content/uploads/2018/06/kuća-djeda-mraza-1-300x200.jpg" alt="" width="300" height="200" srcset="https://villa-visnjan.eu/wp-content/uploads/2018/06/kuća-djeda-mraza-1-300x200.jpg 300w, https://villa-visnjan.eu/wp-content/uploads/2018/06/kuća-djeda-mraza-1-768x513.jpg 768w, https://villa-visnjan.eu/wp-content/uploads/2018/06/kuća-djeda-mraza-1-600x401.jpg 600w, https://villa-visnjan.eu/wp-content/uploads/2018/06/kuća-djeda-mraza-1.jpg 800w" sizes="auto, (max-width: 300px) 100vw, 300px" /></p>
<h4><strong>PROSINAC &#8211; SIJEČANJ</strong></h4>
<h2><strong>Žive jaslice u Sv.Lovreču</strong></h2>
<p>Lovreč na nekoliko dana u prosincu nalikuje na Betlehem te pruža jedinstven ugođaj svima koji ga posjete. Lovrečke žive jaslice oživljavaju vrijeme Isusovog rođenja. Tako ondje možete vidjeti Svetu Obitelj, tri kralja, anđele, pastire i mnoge druge.</p>
<p>Osim jaslica, u istarskom Betlehemu posjetitelji mogu upoznati stare zanate, kušati stara jela i napitke, a pored crkve Sv.Martina, na trgu Placa  održava se i Božićni sajam na kojemu su izloženi domaći proizvodi  i tipični istarski suveniri.</p>
<p>Posjetite žive jaslice na sljedeće datume:</p>
<p>Točni datumi održavanja nalaze se u <a href="https://www.istra.hr/hr/kalendar" target="_blank" rel="noopener">Kalendaru događanja Turističke Zajednice Istarske Županije</a>.</p>
<p>&#8212;&#8212;&#8212;&#8212;&#8212;&#8212;&#8212;&#8212;&#8212;&#8212;&#8212;&#8212;&#8212;&#8212;&#8212;&#8212;&#8212;&#8212;&#8212;&#8212;&#8211;</p>
<div class="gmail_default"></div>
<p></p>

<p>SVIBANJ Festival zmajeva u Balama Na posebnim radionicama prilikom Festivala zmajeva naučit ćete kako izraditi vlastitog zmaja, kako ga pustiti u vjetar, ali i  kako ga potom&#8230;</p>
